he greatest common factor of o and q?
3
Suppose -3*j = -4*d + 1053, -5*d + 4*j = 3*j - 1319. Calculate the highest common factor of 24 and d.
24
Suppose 4*t - 30 = -5*a, 3*t = 2*a - 3*a - 5. Let x(h) = 5*h**2. Let j be 3 + (0 - 8)/4. Let y be x(j). Calculate the highest common divisor of y and a.
5
Let r = 1884 + -1068. Let t be 8/(-36) + r/27. Suppose 2*a + 9*v = 11*v + 28, 3*a - 48 = -3*v. Calculate the highest common divisor of t and a.
15
Suppose 0 = -7*z + 8*z - 14. Let v be 27 - ((3 - 9) + 25/5). Calculate the greatest common divisor of z and v.
14
Let b = 60 - 34. Let s(a) = a**3 - 9*a**2 + 14*a - 6. Let z be s(10). What is the highest common factor of b and z?
26
Let f be (-1800)/(-81) - (-10)/(-45). Calculate the greatest common divisor of 341 and f.
11
Let i = 40 + -356. Let j = -226 - i. What is the greatest common divisor of 10 and j?
10
Let w be (5 + -1)/((-10)/(-45)). Let k = -152 - -224. What is the highest common factor of k and w?
18
Let u be 32/48 - (-365)/(-3). Let t = 145 + u. Let x(v) = 3*v**3 - 5*v**2 - 7*v + 1. Let w be x(5). What is the highest common divisor of t and w?
24
Suppose -12*j - 3690 = -18*j. What is the highest common divisor of j and 15?
15
Let h = 376 - 72. Let q = 1279 - 1275. Suppose 0 = 2*s - q*o - h, 3*s + 5*o = s + 349. What is the highest common factor of 18 and s?
18
Let t = 156 + -152. Calculate the greatest common divisor of t and 244.
4
Suppose 85*c = 2755 + 645. Calculate the greatest common divisor of c and 108.
4
Let j(g) = -g**3 - 6*g**2 + 1. Let m be j(-6). Suppose 0 = 2*c - 5 + m. Calculate the highest common divisor of 22 and c.
2
Let r be -8 + 6 - (-8)/2. Suppose -r*x + 60 = 3*x. Let f(q) = 2*q**2 - 3*q - 2. Let b be f(4). What is the greatest common factor of b and x?
6
Let q = 242 - 213. Calculate the greatest common divisor of q and 29.
29
Suppose -t - 736 = 2*z - 6*z, -736 = -4*z + 4*t. Suppose -18*m = -16*m + 158. Let o = m + z. What is the highest common factor of o and 15?
15
Let n(b) = b**3 - 7*b**2 + b - 4. Let q be n(7). Suppose -q*m + 4 = -11. Suppose 9*s - 96 = -51. Calculate the highest common factor of s and m.
5
Let b(y) = -y**3 + 7*y**2. Suppose 0 = -3*r + 6*r - 21. Let h be b(r). Suppose 0 = -h*c - 3*c + 6. What is the highest common divisor of 2 and c?
2
Let k(z) = z**3 + 14*z**2 + 14*z - 11. Let d be k(-13). Let o = -8 + -4. Let c = o - d. Calculate the greatest common divisor of 24 and c.
12
Let o(y) = 3*y + 23. Let p be o(-6). Suppose -6*r - p*r + 660 = 0. What is the highest common factor of 15 and r?
15
Let s be (1 + 12/4)/1. Let h be 10/s + 417/6. Calculate the highest common divisor of 9 and h.
9
Let w(j) = 4*j**2 + 2*j - 6. Let b be w(3). What is the highest common divisor of 162 and b?
18
Let p = -387 - -392. What is the highest common divisor of 5 and p?
5
Let m = -20 - -43. Suppose -3*o - 13*l + 239 = -21*l, 0 = -4*o + 2*l + 284. Calculate the greatest common factor of o and m.
23
Let i(x) = 4*x - 29. Let p be i(9). Suppose 11*t - 8 = p*t. Let k(o) = o**3 + 5*o**2 - 8*o - 9. Let z be k(-6). Calculate the highest common factor of z and t.
1
Suppose 4*p - 8*p - 3*b = -25, 10 = p - 3*b. Let l = -558 - 607. Let s be (-4)/6 - l/15. What is the highest common divisor of s and p?
7
Let c(j) = -2*j - 2. Let d be c(-8). Let v = -13 + d. Let h be 1 - (3 + -12)/v. What is the greatest common factor of h and 80?
10
Let o be (-484)/6*(-12)/8. Suppose 1029*l - 44 = 1025*l. Calculate the highest common divisor of l and o.
11
Suppose 2*k - d = -2*d - 247, -5*k - 620 = 3*d. Let x = -73 - k. Let s = x + -33. Calculate the highest common factor of s and 3.
3
Let u = 199 + -171. What is the greatest common divisor of u and 7?
7
Let k = -237 - -398. What is the highest common divisor of 7 and k?
7
Suppose 10*p = 8*p - 6. Let d(n) = 2*n**2 - 6*n - 6. Let u be d(p). What is the greatest common divisor of 6 and u?
6
Suppose -2*c + 119 = 4*j + 39, -3*j = -6. Suppose 5*d - 3*s - c = 7, 5*d = -4*s + 36. What is the greatest common factor of 1 and d?
1
Let j(q) = 67*q + 645. Let l be j(19). Calculate the highest common divisor of l and 14.
14
Let q be -9 + ((-8)/4)/2. Let o = q - -52. Suppose z - 12 = 2. What is the highest common divisor of z and o?
14
Let v be (-225)/5*(-364)/39. What is the highest common factor of v and 21?
21
Let f = 1220 + -507. Calculate the greatest common divisor of f and 23.
23
Suppose 384 = 6*u - 4*u. Calculate the greatest common divisor of u and 24.
24
Let c be 37*(-2 + 3) - 1 - 1. Let s be 11 - (6/(-3) - -2). Let u = s - 4. What is the highest common divisor of u and c?
7
Let r(z) = z**2 - 9*z - 3. Let b be r(9). Let c(j) = -j. Let h be c(b). Calculate the highest common factor of 1 and h.
1
Let v = 508 + -487. Calculate the greatest common divisor of 525 and v.
21
Let s(z) = -3*z**3 - z**2 + 5*z + 14. Let o be s(-2). Calculate the greatest common factor of o and 120.
24
Let h(w) = 5*w**2 - 2*w + 3. Let u be h(3). Suppose 4*p - 18 = 6. Let d(b) = b. Let i be d(p). What is the highest common factor of i and u?
6
Let w be (36/16 - -4) + (-1)/4. Suppose -3*h = -2*h - 9. Calculate the highest common factor of h and w.
3
Let s be (1 + 0)*27 + -1. Suppose -2*u = -0*u - 6, u - 1987 = 4*n. Let c = -262 - n. What is the highest common factor of s and c?
26
Let b(p) = p**2 + 4*p - 8. Suppose 5*s = s + 16. Suppose 0 = 5*m + 25, -3*h + 2 = -s*m - 0*m. Let l be b(h). Calculate the greatest common factor of l and 20.
4
Let l = 136 - 81. Suppose 2*i - 5*c - l = -0*c, 0 = -4*i + c + 65. Calculate the greatest common divisor of i and 60.
15
Suppose 323 - 68 = 3*j. Calculate the greatest common factor of 34 and j.
17
Suppose -18*w + 368 = -496. Calculate the highest common divisor of 104 and w.
8
Suppose -5*g = -293 - 392. Suppose 5*z - g - 43 = 0. Let m = 32 + -20. Calculate the highest common factor of m and z.
12
Let w be (-6)/(-4) - (-225)/6. What is the highest common factor of 13 and w?
13
Let z be ((-28)/16 + 3)*-12. Let q = -35 - -31. Let r be (-42)/q - z/(-10). What is the highest common factor of 54 and r?
9
Let m = -1220 - -1437. Calculate the greatest common divisor of 62 and m.
31
Suppose 0 = 5*q - 13 - 62. Suppose 0 = a - 0*a - q. Let n = a + -12. What is the highest common divisor of n and 27?
3
Let r(a) = 22*a**2 - 11*a - 22. Let l be r(-3). What is the greatest common divisor of 33 and l?
11
Let x(b) = -b**3 - 63*b**2 - 58*b + 304. Let t be x(-62). Let j be (4/1)/((-1)/(-7)). What is the greatest common divisor of t and j?
28
Suppose 6*w + 1245 = 14685. Let q be w/50 + (-2)/(-10). Calculate the highest common factor of q and 15.
15
Suppose s = 6 - 3. Suppose 4*f = x + 676, -s*f + 2*f + 169 = -4*x. Calculate the greatest common factor of 13 and f.
13
Suppose -5*p - 1 = -6, -3*f + p = -1763. What is the highest common factor of f and 12?
12
Suppose 11*d - 1 = -12. Let t be d/(-2) + (-990)/(-44). What is the greatest common divisor of t and 23?
23
Let a(o) = 8*o**2 - 75*o - 38. Let d be a(10). Suppose -34 = -3*y + 128. Calculate the greatest common factor of d and y.
6
Suppose 3*s + x = 2146, -45*s + 4*x = -43*s - 1412. What is the greatest common divisor of 42 and s?
42
Let x be 6*((-8)/(-3))/1. Let i(c) = 3*c**3 + 107*c**2 + 69*c - 27. Let o be i(-35). What is the greatest common divisor of o and x?
8
Suppose -10*c + 131 + 9 = 0. Let w = c - -3. Calculate the highest common divisor of 17 and w.
17
Let x = 21 + -1. Let w be ((-14)/(-7))/(2/x). Calculate the highest common factor of 110 and w.
10
Let j(v) = v**3 + 6*v**2 + 9*v - 2. Let u be j(-5). Let f = u - -24. Suppose h + z = 49, 13 - 3 = -f*z. Calculate the highest common factor of 6 and h.
6
Suppose l - 23 = -p, -97 = -5*p + l - 0*l. Let r(x) = -x**2 + 10. Let o be (1 - 1)*(-1)/(-2). Let y be r(o). What is the greatest common factor of y and p?
10
Suppose 5*y + 163 = -j + 474, 5*j = -3*y + 169. Suppose v = 8*v - y. What is the highest common factor of v and 36?
9
Let g = 1455 - 1437. What is the greatest common divisor of 333 and g?
9
Let t = -85 - -87. Suppose -189 = -5*y + t*u, 4*u = 2*y - 49 - 17. What is the greatest common divisor of y and 273?
39
Let i(t) = t**3 + 7*t**2 + 13*t + 20. Let k be i(-9). Let g = -169 - k. Calculate the highest common divisor of 18 and g.
18
Let m = 30 + -29. Let f b